when 3178151 is divided by 90793.
396
What is the remainder when 2232927 is divided by 1116437?
53
Calculate the remainder when 62344 is divided by 4000.
2344
Calculate the remainder when 665295 is divided by 3229.
121
What is the remainder when 7862 is divided by 7123?
739
Calculate the remainder when 1429248 is divided by 203979.
1395
Calculate the remainder when 411061493 is divided by 2006.
2003
What is the remainder when 360326 is divided by 72064?
6
What is the remainder when 5307685 is divided by 353845?
10
Calculate the remainder when 29617691 is divided by 1527.
1526
What is the remainder when 41267 is divided by 661?
285
Calculate the remainder when 3574930 is divided by 2599.
1305
What is the remainder when 13918 is divided by 2017?
1816
What is the remainder when 26602140 is divided by 50?
40
What is the remainder when 2753987 is divided by 367?
19
What is the remainder when 49817 is divided by 22967?
3883
Calculate the remainder when 5722151 is divided by 667.
625
What is the remainder when 8639241 is divided by 8639226?
15
What is the remainder when 620481 is divided by 616042?
4439
What is the remainder when 40226786 is divided by 53?
51
What is the remainder when 65188722 is divided by 227?
224
What is the remainder when 5501877 is divided by 35268?
69
Calculate the remainder when 3369709 is divided by 73.
29
Calculate the remainder when 208845643 is divided by 66.
61
Calculate the remainder when 44445 is divided by 3836.
2249
Calculate the remainder when 1124027 is divided by 3.
2
Calculate the remainder when 4654766 is divided by 2284.
2258
What is the remainder when 2365310 is divided by 43802?
2
Calculate the remainder when 194630 is divided by 4994.
4858
Calculate the remainder when 60444 is divided by 7472.
668
What is the remainder when 5116756 is divided by 117?
112
Calculate the remainder when 348671 is divided by 75.
71
What is the remainder when 89142 is divided by 44329?
484
Calculate the remainder when 286907 is divided by 143302.
303
What is the remainder when 14448829 is divided by 5?
4
Calculate the remainder when 1104434 is divided by 98.
72
What is the remainder when 258064 is divided by 27?
25
What is the remainder when 109886215 is divided by 45?
40
What is the remainder when 5507518 is divided by 55075?
18
Calculate the remainder when 57854728 is divided by 147213.
19
Calculate the remainder when 1151867 is divided by 383791.
494
What is the remainder when 157842 is divided by 1661?
47
What is the remainder when 310538 is divided by 4764?
878
What is the remainder when 5268 is divided by 984?
348
What is the remainder when 341475 is divided by 166213?
9049
Calculate the remainder when 5647273 is divided by 1589.
1556
What is the remainder when 1545281 is divided by 230?
141
Calculate the remainder when 695002 is divided by 180.
22
What is the remainder when 105591 is divided by 516?
327
Calculate the remainder when 91099909 is divided by 16734.
13
Calculate the remainder when 62379 is divided by 3668.
23
What is the remainder when 40649224 is divided by 83986?
0
What is the remainder when 22406313 is divided by 95?
88
Calculate the remainder when 10699633 is divided by 325.
308
What is the remainder when 1523530 is divided by 2600?
2530
Calculate the remainder when 260532184 is divided by 107.
24
What is the remainder when 143347 is divided by 3464?
1323
Calculate the remainder when 6083410 is divided by 1226.
1224
Calculate the remainder when 3371536 is divided by 1123294.
1654
Calculate the remainder when 22623996 is divided by 551804.
32
What is the remainder when 491875 is divided by 4968?
43
Calculate the remainder when 54304244 is divided by 770.
764
Calculate the remainder when 367503419 is divided by 447629.
10
Calculate the remainder when 3391547 is divided by 60.
47
What is the remainder when 1061055 is divided by 65?
60
Calculate the remainder when 84507356 is divided by 1178.
1170
What is the remainder when 77547 is divided by 38352?
843
Calculate the remainder when 787021 is divided by 262145.
586
What is the remainder when 6650202 is divided by 288?
282
What is the remainder when 15915 is divided by 7919?
77
Calculate the remainder when 160368 is divided by 99.
87
What is the remainder when 134926 is divided by 16038?
6622
What is the remainder when 2075752 is divided by 2907?
154
Calculate the remainder when 6757469 is divided by 762.
53
Calculate the remainder when 19145509 is divided by 7013.
19
Calculate the remainder when 1086656 is divided by 90474.
968
What is the remainder when 8207947 is divided by 3000?
2947
What is the remainder when 4354986 is divided by 2385?
2361
What is the remainder when 19483 is divided by 9272?
939
Calculate the remainder when 514956 is divided by 14304.
12
Calculate the remainder when 5680775 is divided by 1420185.
35
Calculate the remainder when 103218014 is divided by 11.
9
What is the remainder when 25490 is divided by 25488?
2
Calculate the remainder when 516108 is divided by 256913.
2282
What is the remainder when 102161 is divided by 10042?
1741
What is the remainder when 11252444 is divided by 48?
44
Calculate the remainder when 130887542 is divided by 35.
2
Calculate the remainder when 29538 is divided by 2834.
1198
What is the remainder when 687434 is divided by 687148?
286
Calculate the remainder when 65654 is divided by 21828.
170
Calculate the remainder when 217501580 is divided by 11212.
11204
Calculate the remainder when 4240589 is divided by 142.
43
Calculate the remainder when 1323884 is divided by 1323825.
59
What is the remainder when 1271086 is divided by 56?
54
What is the remainder when 8266378 is divided by 3296?
10
What is the remainder when 332066 is divided by 2338?
70
Calculate the remainder when 483918397 is divided by 64.
61
Calculate the remainder when 3426719 is divided by 201566.
97
What is the remainder when 1126068 is divided by 32?
20
Calculate the remainder when 22046848 is divided by 352.
32
What is the remainder when 177409 is divided by 199?
100
Calculate the remainder when 8953 is divided by 1141.
966
What is the remainder when 104650269 is divided by 145?
144
What is the remainder when 5903700 is divided by 288?
276
Calculate the remainder when 7229417 is divided by 2409802.
11
What is the remainder when 1591862 is divided by 56848?
118
What is the remainder when 45385932 is divided by 1713?
1710
Calculate the remainder when 8650 is divided by 821.
440
Calculate the remainder when 76405491 is divided by 17.
11
Calculate the remainder when 229915 is divided by 9190.
165
What is the remainder when 12904798 is divided by 38?
36
Calculate the remainder when 11517263 is divided by 109688.
23
Calculate the remainder when 2788249 is divided by 464708.
1
Calculate the remainder when 1001892 is divided by 1656.
12
What is the remainder when 725905 is divided by 42699?
22
Calculate the remainder when 1274406 is divided by 1274328.
78
Calculate the remainder when 6373739 is divided by 3186853.
33
Calculate the remainder when 61713 is divided by 2229.
1530
What is the remainder when 140426 is divided by 3669?
1004
What is the remainder when 929829 is divided by 1186?
5
Calculate the remainder when 730140 is divided by 1013.
780
Calculate the remainder when 153645 is divided by 6180.
5325
What is the remainder when 328529763 is divided by 22?
1
What is the remainder when 2238294 is divided by 959?
947
What is the remainder when 191340 is divided by 9015?
2025
What is the remainder when 21118694 is divided by 101?
99
Calculate the remainder when 2036494 is divided by 678831.
1
Calculate the remainder when 23573269 is divided by 18431.
20
What is the remainder when 623881 is divided by 749?
713
What is the remainder when 157271 is divided by 8264?
255
Calculate the remainder when 557047 is divided by 92839.
13
Calculate the remainder when 3222140 is divided by 322211.
30
Calculate the remainder when 6110939 is divided by 54.
29
What is the remainder when 9966699 is divided by 240?
219
What is the remainder when 311598 is divided by 14?
0
Calculate the remainder when 432029 is divided by 980.
829
What is the remainder when 65626 is divided by 9347?
197
What is the remainder when 940995 is divided by 78?
3
What is the remainder wh